 27*g - 2. Give d(-13).
11
Let a(u) = u - 6. What is a(11)?
5
Let y(l) = -l**3 - 26*l**2 + 28*l + 27. What is y(-27)?
0
Let a(l) = -l**3 - 5*l**2 - 6*l - 15. Calculate a(-5).
15
Let u(s) = -73*s - 19. What is u(-2)?
127
Let m(c) = c**3 - 80*c**2 + 155*c + 82. Determine m(78).
4
Let k(j) = -32*j**2 + 2. Give k(-1).
-30
Let u(l) = -18*l + 324. What is u(17)?
18
Let k(n) = n**3 - 10*n**2 + 12*n - 13. What is k(9)?
14
Let w(f) = -f - 14. Determine w(-18).
4
Let o(x) = x**3 - x**2 + 2*x - 7. What is o(0)?
-7
Let d(h) = h**2 + 14*h + 37. What is d(-7)?
-12
Let d(h) = -h**3 - 18*h**2 - 13*h + 5. Determine d(-17).
-63
Let v(g) = -112*g - 4. Calculate v(-1).
108
Let t(g) = 2*g - 1. What is t(2)?
3
Let z(u) = u**3 + 17*u**2 - 21*u - 50. What is z(-18)?
4
Let g(r) = -2*r + 12. Give g(-10).
32
Let x(d) = d**3 - 7*d**2 + 6*d - 3. Calculate x(6).
-3
Let q(a) = 38*a**3 - 2*a**2 - 2*a - 1. Determine q(-1).
-39
Let k(l) = 4*l**2 + 36*l + 2. Calculate k(-9).
2
Let c(m) = -m + 3. What is c(11)?
-8
Let i(v) = -v**2 + 7*v + 1. Give i(6).
7
Let v(r) = r**3 + 3*r**2 + 7*r + 5. Give v(-4).
-39
Let b(t) = t**3 - 42*t**2 + 40*t + 59. Determine b(41).
18
Let j(l) = -5*l - 121. What is j(-24)?
-1
Let g(m) = m**3 - 22*m**2 + 20*m + 21. Give g(21).
0
Let h(o) = -o**2 - 5*o - 6. What is h(-5)?
-6
Let i(g) = g**3 + 9*g**2 + 5*g + 8. What is i(-7)?
71
Let n(x) = -11*x - 38. Calculate n(-8).
50
Let u(o) = -o**3 - 15*o**2 - 25*o + 17. Give u(-13).
4
Let l(h) = 2*h + 14. Give l(-5).
4
Let g(z) = 2*z**2 + 63*z - 96. What is g(-32)?
-64
Let m(z) = -7*z + 222. Calculate m(32).
-2
Let p(i) = i**3 + 9*i**2 - 11*i - 10. Calculate p(-10).
0
Let f(k) = -k**2 + 9*k - 14. Give f(4).
6
Let q(s) = -2*s**2 + 6. Give q(-2).
-2
Let v(w) = 54*w**2 + 7*w + 1. What is v(-1)?
48
Let f(u) = -17*u + 8. Give f(9).
-145
Let s(n) = -3*n**2 + 6*n + 12. Give s(6).
-60
Let o(v) = -v**2 + 10*v - 21. Determine o(7).
0
Let h(u) = u**3 + 11*u**2 + 28*u + 11. Give h(-8).
-21
Let w(a) = a**3 + 26*a**2 - a - 29. Give w(-26).
-3
Let u(d) = -d**2 + 17*d - 2. Give u(17).
-2
Let m(d) = -d**3 + 6*d**2 + 17*d - 4. Determine m(8).
4
Let n(w) = -w**2 - 32*w - 188. Determine n(-8).
4
Let n(r) = -2*r**3 - 4*r**2 - 8*r. What is n(-2)?
16
Let m(z) = -2*z + 7. Determine m(4).
-1
Let a(z) = 7*z + 1. What is a(-4)?
-27
Let h(w) = -5*w + 1. Determine h(-14).
71
Let p(r) = -r**3 + 5*r**2 + 7*r - 9. What is p(6)?
-3
Let h(g) = g**3 - 12*g**2 - 10*g + 126. Determine h(12).
6
Let l(r) = -r**3 - 9*r**2 + 12*r + 8. Determine l(-10).
-12
Let f(o) = -6*o + 203. Determine f(40).
-37
Let f(m) = -m**2 + 2*m - 2. Give f(3).
-5
Let q(f) = 2*f + 11. Give q(5).
21
Let u(p) = p**2 - 8*p + 7. Determine u(6).
-5
Let p(u) = 4*u**2 - 23*u - 7. Calculate p(5).
-22
Let u(g) = -g**3 + 8*g**2 - 7*g - 4. Calculate u(7).
-4
Let f(r) = 4*r**2 - 19*r - 6. Give f(6).
24
Let g(c) = c**2 + 29*c - 169. Give g(-34).
1
Let j(d) = d**3 - 3*d**2 - 10*d + 18. What is j(2)?
-6
Let o(h) = h - 6. Determine o(2).
-4
Let i(v) = 5*v + 124. Give i(-31).
-31
Let z(v) = v**2 - 5*v - 15. Determine z(4).
-19
Let h(j) = j**3 + 27*j**2 + 29*j + 79. What is h(-26)?
1
Let f(n) = n - 6. Determine f(-10).
-16
Let g(y) = 5*y - 18. Give g(2).
-8
Let x(b) = -b**3 - 6*b**2 + b - 2. Calculate x(-6).
-8
Let f(a) = -a**3 + 3*a**2 - a + 11. What is f(5)?
-44
Let f(c) = 3*c**2 - 12*c + 4. Give f(6).
40
Let b(d) = -d**3 - 8*d**2 + 12*d - 3. Calculate b(-9).
-30
Let c(k) = 3*k**2 - 32. Give c(4).
16
Let z(m) = -3*m**3 + 2*m**2 - 3*m - 3. What is z(-2)?
35
Let s(n) = -2*n**3 - 8*n**2 + 2*n + 6. Calculate s(-4).
-2
Let z(i) = i**2 - 10*i - 7. Give z(13).
32
Let b(z) = 10*z**2 - 5*z + 3. Determine b(1).
8
Let k(n) = n - 6. What is k(6)?
0
Let y(b) = b**3 + 10*b**2 - 39*b + 6. Give y(-13).
6
Let v(z) = -16*z - 69. Determine v(-7).
43
Let n(y) = 2*y**2 - 16*y + 23. Give n(10).
63
Let m(n) = -87*n + 255. Give m(3).
-6
Let i(z) = 12*z - 202. Determine i(17).
2
Let y(u) = u**3 - 30*u**2 - 31*u + 9. What is y(31)?
9
Let a(n) = 3*n + 4. Give a(-3).
-5
Let a(k) = -32*k + 29. Calculate a(1).
-3
Let c(n) = n**2 + 15*n + 2. Determine c(-12).
-34
Let f(a) = -2*a**2 + 8*a + 8. Determine f(-1).
-2
Let a(l) = -11*l**3 + 2*l - 1. Give a(1).
-10
Let r(x) = -x**3 - 6*x**2 - x. Calculate r(-4).
-28
Let f(t) = -t**2 - 14*t + 63. What is f(5)?
-32
Let j(q) = q**2 - 5*q + 14. What is j(0)?
14
Let n(q) = q**3 + q**2 - q + 4. Give n(-3).
-11
Let z(q) = -7*q**3 + q**2 + 2*q - 2. Give z(1).
-6
Let q(s) = -3*s - 30. Give q(-9).
-3
Let n(w) = 15*w + 334. Calculate n(-22).
4
Let b(z) = 14*z**2 - z + 1. Calculate b(1).
14
Let s(x) = -45*x**3 + x**2. Calculate s(1).
-44
Let w(g) = -g**2 + 13*g - 16. Calculate w(14).
-30
Let q(n) = -2*n**3 - 4*n**2 - n. Give q(-3).
21
Let s(p) = p**2 + 6*p - 8. Give s(-8).
8
Let j(v) = 5*v**3 - 3*v**2 + v - 1. Calculate j(2).
29
Let h(l) = l**3 - 4*l**2 - 3*l + 13. Determine h(4).
1
Let d(h) = h**3 + 22*h**2 + 23*h + 60. Determine d(-21).
18
Let l(n) = 3*n**2 + 225*n + 219. Determine l(-74).
-3
Let a(u) = -u**3 - 3*u**2 + u + 3. Give a(0).
3
Let q(u) = u**2 + 16*u. Determine q(-10).
-60
Let g(i) = -2*i**2 - i. Give g(-1).
-1
Let g(q) = -5*q + 12. Give g(14).
-58
Let w(u) = -u**2 + u + 9. Calculate w(4).
-3
Let u(r) = -r**2 + 22. Calculate u(-6).
-14
Let s(p) = p**3 + p**2 - p - 1. Give s(-2).
-3
Let l(h) = -2*h**2 - 10*h + 3. Calculate l(-6).
-9
Let w(v) = v**2 - 22. Calculate w(-5).
3
Let k(m) = m**3 - 8*m**2 + 6*m - 4. Determine k(7).
-11
Let h(r) = 3*r**2 + 4*r - 12. What is h(5)?
83
Let b(t) = t**3 + 5*t**2 + t - 1. Calculate b(-6).
-43
Let u(o) = -o**3 + 8*o**2 + 7*o - 1. Determine u(6).
113
Let b(l) = -8*l + 3. Determine b(2).
-13
Let j(g) = 10*g + 80. Determine j(-8).
0
Let s(c) = 5*c + 185. What is s(-36)?
5
Let a(j) = -18*j - 290. What is a(-16)?
-2
Let y(o) = 5*o + 97. Give y(-23).
-18
Let a(r) = -r**3 - 6*r**2 - 4*r - 5. Determine a(-4).
-21
Let o(g) = 2*g**2 + 14*g + 8. What is o(-7)?
8
Let q(y) = -4*y**3 - 2*y**2 - 2*y - 3. Calculate q(-2).
25
Let w(f) = -7*f + 40. What is w(7)?
-9
Let x(a) = -23*a - 890. Give x(-39).
7
Let n(y) = -y**2 + 7*y - 3. What is n(6)?
3
Let i(s) = -s**3 + 9*s**2 - 8*s + 19. What is i(8)?
19
Let o(w) = w**3 - 9*w**2 + 7*w + 2. Give o(8).
-6
Let y(c) = -c**3 - 12*c**2 - 18*c + 31. What is y(-10)?
11
Let a(i) = 2*i**2 - 169*i - 337. What is a(-2)?
9
Let c(a) = -a - 14. Give c(8).
-22
Let b(g) = -15*g - 44. Determine b(-4).
16
Let z(h) = h**3 - 14*h + 22. Give z(3).
7
Let g(h) = 2*h**3 + 72*h**2 - 3*h - 100. What is g(-36)?
8
Let r(l) = -4*l + 78. Give r(19).
2
Let i(u) = -13*u**2 - 3*u + 5. Determine i(2).
-53
Let h(o) = 4*o**3 + 22*o**2 - 10*o + 9. Determine h(-6).
-3
Let h(y) = -y**2 + 4*y - 4. Determine h(-5).
-49
Let f(z) = z**3 - 8*z**2 - z - 5. What is f(7)?
-61
Let z(k) = 12*k**3 + 1. Calculate z(1).
13
Let s(x) = -x - 6. What is s(3)?
-9
Let j(h) = -h**3 + 9*h**2 + 20*h + 2. What is j(10)?
102
Let n(f) = 19*f + 57. Determine n(-3).
0
Let t(q) = -4*q - 5. What is t(-3)?
7
Let m(f) = f**2 - 7*f + 4. Determine m(12).
64
Let u(h) = h**2 + 4*h - 10. Determine u(-5).
-5
Let g(o) = -o**3 + 4*o**2 + 6*o - 2. Give g(6).
-38
Let l(k) = 11*k + 96. Calculate l(-9).
-3
Let c(b) = -2*b**2 - 24*b + 6. What is c(-12)?
6
Let y(a) = a + 18. Determine y(-9).
9
Let v(h) = h**2 + 5*h. Calculate v(-4).
-4
Let j(z) = z**3 - 11*z**2 - 27*z + 19. Calculate j(13).
6
Let y(p) = p**3 - 3*p**2 + p + 5. Determine y(5).
60
Let a(c) = c**2 - c. Determine a(-2).
6
Let s(v) = 4*v**2 + 9*v + 21. Determine s(-6).
111
Let f(p) = 13*p**2 + 3*p + 4. What is f(-1)?
14
Let f(n) = 24*n + 318. Give f(-13).
6
Let x(w) = w**2 - 18*w - 18. What is x(17)?
-35
Let x(p) = 4*p - 22. Give x(7).
6
Let y(l) = -26*l + 212. Calculate y(8).
4
Let c(y) = -y**3 + 15*y**2 - 12*y - 62. What is c(14)?
-34
Let h(i) = -i**3 - 5*i**2 - 3*i + 4. Give h(-3).
-5
Let h(d) = -d**2 + d + 8. Calculate h(0).
8
Let o(s) = 2*s**2 + 23*s + 17. Give o(-11).
6
Let z(u) = -14*u + 4. What is z(2)?
-24
Let o(b) = 157*b - 779. Give o(5).
6
Let f(k) = k**2 + 15*k + 50. Determine f(-12).
14
Let m(k) = -2*k - 19. Calculate m(-15).
11
Let n(j) = 2*j - 1. Calculate n(1).
1
Let a(g) = 2*g**2 - 14*g + 8. Determine a(6).
-4
Let a(x) = 4*x + 12. Determine a(1).
16
Let y(w) = -w**2 + 5*w - 5. Calculate y(5).
-5
Let g(k) = -k**3 + 3*